{"id":711,"date":"2020-07-23T15:20:07","date_gmt":"2020-07-23T15:20:07","guid":{"rendered":"https:\/\/muhbar.de\/?page_id=711"},"modified":"2020-07-26T23:21:02","modified_gmt":"2020-07-26T21:21:02","slug":"satzung","status":"publish","type":"page","link":"https:\/\/muhbar.de\/?page_id=711","title":{"rendered":"Satzung"},"content":{"rendered":"\t\t<div data-elementor-type=\"wp-page\" data-elementor-id=\"711\" class=\"elementor elementor-711\">\n\t\t\t\t\t\t<section class=\"elementor-section elementor-top-section elementor-element elementor-element-ca61351 elementor-section-boxed elementor-section-height-default elementor-section-height-default\" data-id=\"ca61351\" data-element_type=\"section\" data-e-type=\"section\">\n\t\t\t\t\t\t<div class=\"elementor-container elementor-column-gap-default\">\n\t\t\t\t\t<div class=\"elementor-column elementor-col-100 elementor-top-column elementor-element elementor-element-e71820a\" data-id=\"e71820a\" data-element_type=\"column\" data-e-type=\"column\">\n\t\t\t<div class=\"elementor-widget-wrap elementor-element-populated\">\n\t\t\t\t\t\t<div class=\"elementor-element elementor-element-f1f501b elementor-widget elementor-widget-heading\" data-id=\"f1f501b\" data-element_type=\"widget\" data-e-type=\"widget\" data-widget_type=\"heading.default\">\n\t\t\t\t<div class=\"elementor-widget-container\">\n\t\t\t\t\t<h2 class=\"elementor-heading-title elementor-size-default\">Satzung<\/h2>\t\t\t\t<\/div>\n\t\t\t\t<\/div>\n\t\t\t\t<div class=\"elementor-element elementor-element-48bc78b elementor-widget elementor-widget-text-editor\" data-id=\"48bc78b\" data-element_type=\"widget\" data-e-type=\"widget\" data-widget_type=\"text-editor.default\">\n\t\t\t\t<div class=\"elementor-widget-container\">\n\t\t\t\t\t\t\t\t\t<p><span style=\"font-size: 15px;\">Inhalt<\/span><\/p>\n<ul>\n<li>\u00a7<a href=\"#_Toc45287936\">1 Name, Sitz, Gesch\u00e4ftsjahr<\/a><\/li>\n<li>\u00a7<a href=\"#_Toc45287937\">2 Zweck des Vereins<\/a><\/li>\n<li>\u00a7<a href=\"#_Toc45287938\">3 Gemeinn\u00fctzigkeit<\/a><\/li>\n<li>\u00a7<a href=\"#_Toc45287939\">4 Erwerb der Mitgliedschaft<\/a><\/li>\n<li>\u00a7<a href=\"#_Toc45287940\">5 Rechte und Pflichten der Mitglieder<\/a><\/li>\n<li>\u00a7<a href=\"#_Toc45287941\">7 Mitgliedsbeitr\u00e4ge<\/a><\/li>\n<li>\u00a7<a href=\"#_Toc45287942\">8 Organe des Vereins<\/a><\/li>\n<li>\u00a7<a href=\"#_Toc45287943\">9 Vorstand<\/a><\/li>\n<li>\u00a7<a href=\"#_Toc45287944\">10 Zust\u00e4ndigkeiten des Vorstandes<\/a><\/li>\n<li>\u00a7<a href=\"#_Toc45287945\">11 Amtsdauer des Vorstandes<\/a><\/li>\n<li>\u00a7<a href=\"#_Toc45287946\">12 Beschlussfassung des Vorstandes<\/a><\/li>\n<li>\u00a7<a href=\"#_Toc45287947\">13 Aufgaben und Einberufung der Mitgliederversammlung<\/a><\/li>\n<li>\u00a7<a href=\"#_Toc45287948\">14 Beschlussfassung der Mitgliederversammlung<\/a><\/li>\n<li>\u00a7<a href=\"#_Toc45287949\">15 Vereinsordnungen<\/a><\/li>\n<li>\u00a7<a href=\"#_Toc45287950\">16 Aufl\u00f6sung des Vereins<\/a><\/li>\n<li>\u00a7<a href=\"#_Toc45287951\">17 Verm\u00f6gensbindung<\/a><\/li>\n<li>\u00a7<a href=\"#_Toc45287952\">18 Errichtung und Inkrafttreten<\/a><\/li>\n<\/ul>\n<h1><a><\/a>\u00a71 Name, Sitz, Gesch\u00e4ftsjahr<\/h1>\n<ol>\n<li>Der Verein f\u00fchrt den Namen \u201eMuhbar\u201c<\/li>\n<li>Er soll in das Vereinsregister eingetragen werden. Nach der Eintragung f\u00fchrt er zu seinem Namen den Zusatz e.V.<\/li>\n<li>Der Verein hat seinen Sitz in 33161 H\u00f6velhof<\/li>\n<\/ol>\n<h1><a><\/a>\u00a72 Zweck des Vereins<\/h1>\n<ol>\n<li>Der Verein \u201eMuhbar\u201c mit Sitz in 33161&nbsp;H\u00f6velhof verfolgt ausschlie\u00dflich und unmittelbar gemeinn\u00fctzige Zwecke im Sinne des Abschnitts \u201eSteuerbeg\u00fcnstigte Zwecke\u201c der Abgabenordnung (AO)<\/li>\n<li>Zweck des Vereins ist die F\u00f6rderung von Kunst und Kultur in der Gemeinde H\u00f6velhof, insbesondere der Kulturscheune\/ Marstall (MuhBar) und dem Schlossgarten.<\/li>\n<\/ol>\n<h1><a><\/a>\u00a73 Gemeinn\u00fctzigkeit<\/h1>\n<ol>\n<li>Der Verein ist selbstlos t\u00e4tig; er verfolgt nicht in erster Linie eigenwirtschaftliche Zwecke.<\/li>\n<li>Mittel des Vereins d\u00fcrfen nur f\u00fcr die satzungsm\u00e4\u00dfigen Zwecke verwendet werden. Die Mitglieder erhalten keine Zuwendungen aus Mitteln der K\u00f6rperschaft.<\/li>\n<li>Es darf keine Person durch Ausgaben, die dem Zweck der K\u00f6rperschaft fremd sind, oder durch unverh\u00e4ltnism\u00e4\u00dfig hohe Verg\u00fctungen beg\u00fcnstigt werden<\/li>\n<\/ol>\n<h1><a><\/a>\u00a74 Erwerb der Mitgliedschaft<\/h1>\n<ol>\n<li>Mitglied des Vereins kann jede nat\u00fcrliche Person werden.<\/li>\n<li>\u00dcber den schriftlichen Aufnahmeantrag entscheidet der Vorstand<\/li>\n<li>Mit dem Antrag erkennt der*die Bewerber*in f\u00fcr den Fall seiner*ihrer Aufnahme die Satzung an. Ein Aufnahmeanspruch besteht nicht.<\/li>\n<li>\u00dcber die Aufnahme entscheidet der Vorstand durch Beschluss. Die Entscheidung ist dem*der Antragsteller*in mitzuteilen; sie bedarf keiner Begr\u00fcndung.<\/li>\n<li>Die Mitgliedschaft beginnt mit dem Aufnahmebeschluss.<\/li>\n<\/ol>\n<h1><a><\/a>\u00a75 Rechte und Pflichten der Mitglieder<\/h1>\n<ol>\n<li>Die Mitgliedschaft endet\n<ol>\n<li>mit dem Tod des Mitglieds<\/li>\n<li>durch freiwilligen Austritt<\/li>\n<li>durch Streichung von der Mitgliederliste<\/li>\n<li>durch Ausschluss aus dem Verein<\/li>\n<\/ol>\n<\/li>\n<li>Der Austritt ist gegen\u00fcber dem Vorstand schriftlich zu erkl\u00e4ren. Er ist zum Schluss eines Kalenderjahres unter Einhaltung einer K\u00fcndigungsfrist von einem Monaten zul\u00e4ssig. Zur Einhaltung der Frist ist ein rechtzeitiger Zugang der Austrittserkl\u00e4rung an ein Mitglied des Vorstandes erforderlich.<\/li>\n<li>Der Ausschluss aus dem Verein ist nur bei wichtigem Grund zul\u00e4ssig. \u00dcber den Ausschluss entscheidet auf Antrag des Vorstandes die Mitgliederversammlung mit einer Mehrheit von drei Vierteln der anwesenden Mitglieder. Der Vorstand hat seinen Antrag dem auszuschlie\u00dfenden Mitglied mindestens zwei Wochen vor der Versammlung schriftlich mitzuteilen. Eine schriftlich eingehende Stellungnahme des Mitglieds ist in der \u00fcber den Ausschluss entscheidenden Versammlung zu verlesen. Der Ausschluss des Mitglieds wird mit der Beschlussfassung wirksam. Der Ausschluss soll dem Mitglied, wenn es bei der Beschlussfassung nicht anwesend war, durch den Vorstand unverz\u00fcglich schriftlich bekannt gemacht werden.<\/li>\n<li>Die Streichung von der Mitgliederliste kann erfolgen, wenn das Mitglied mit sechs Beitr\u00e4gen in R\u00fcckstand ist und den Betrag auch nach schriftlicher Mahnung durch den Vorstand nicht innerhalb von sechs Monaten von der Absendung der Mahnung an voll entrichtet hat. Die Mahnung muss mit eingeschriebenem Brief an die letzte dem Verein bekannte Anschrift gerichtet sein. In der Mahnung muss auf die bevorstehende Streichung der Mitgliedschaft hingewiesen werden. Die Mahnung ist auch wirksam, wenn der Brief als unzustellbar zur\u00fcckkommt. Die Streichung erfolgt durch Beschluss des Vorstands, der dem betroffenen Mitglied nicht bekanntgemacht wird.<\/li>\n<\/ol>\n<h1><a><\/a>\u00a76 Mitgliedsbeitr\u00e4ge<\/h1>\n<ol>\n<li>Von den Mitgliedern werden Beitr\u00e4ge erhoben<\/li>\n<li>Die H\u00f6he des Jahresbeitrages und dessen F\u00e4lligkeit werden von der Mitgliederversammlung bestimmt und sind in der Finanzordnung festgeschrieben.<\/li>\n<li>Der Beitrag ist im Voraus zu zahlen.<\/li>\n<li>Der Vorstand kann Beitr\u00e4ge stunden oder ganz oder teilweise erlassen.<\/li>\n<\/ol>\n<h1><a><\/a>\u00a77 Organe des Vereins<\/h1>\n<p>Organe des Vereins sind:<\/p>\n<ol>\n<li>der Vorstand<\/li>\n<li>die Mitgliederversammlung<\/li>\n<\/ol>\n<h1><a><\/a>\u00a78 Vorstand<\/h1>\n<ol>\n<li>Der Vorstand im Sinne des \u00a7&nbsp;26 BGB besteht aus dem*der 1.&nbsp;Vorsitzenden, dem*der 2.&nbsp;Vorsitzenden, dem*der Schatzmeister*in und dem*der Schriftf\u00fchrer*in.<\/li>\n<li>Der Verein wird gerichtlich und au\u00dfergerichtlich durch zwei Mitglieder des Vorstands, dem*der 1.&nbsp;Vorsitzenden und dem*der 2.&nbsp;Vorsitzenden, vertreten.<\/li>\n<li>Verschiedene Vorstands\u00e4mter k\u00f6nnen nicht in einer Person vereinigt werden.<\/li>\n<\/ol>\n<h1><a><\/a>\u00a79 Zust\u00e4ndigkeiten des Vorstandes<\/h1>\n<p>Der Vorstand ist f\u00fcr die Angelegenheiten des Vereins zust\u00e4ndig, soweit sie nicht durch die Satzung einem anderen Vereinsorgan zugewiesen sind.<\/p>\n<h1><a><\/a>\u00a710 Amtsdauer des Vorstandes<\/h1>\n<ol>\n<li>Der Vorstand wird von der Mitgliederversammlung auf die Dauer von 2 Jahren gew\u00e4hlt. Die Wiederwahl ist m\u00f6glich. Der Vorstand bleibt bis zur Neuwahl des Vorstandes im Amt.<\/li>\n<li>Jedes Vorstandsmitglied ist einzeln zu w\u00e4hlen. W\u00e4hlbar sind nur Vereinsmitglieder.<\/li>\n<li>Das Amt eines Mitglieds des Vorstands endet mit seinem Ausscheiden aus dem Verein. Scheidet ein Mitglied vor Ablauf seiner Amtsdauer aus, w\u00e4hlt der Vorstand ein Ersatzmitglied f\u00fcr den Rest der Amtszeit des ausgeschiedenen Mitglieds.<\/li>\n<\/ol>\n<h1><a><\/a>\u00a711 Beschlussfassung des Vorstandes<\/h1>\n<ol>\n<li>Der Vorstand fasst seine Beschl\u00fcsse in Vorstandssitzungen. Diese werden durch den*die 1.&nbsp;Vorsitzende*n, bei dessen*deren Verhinderung durch den*die 2.&nbsp;Vorsitzende*n; schriftlich oder per E-Mail mit einer Frist von zwei Wochen einberufen. Der Mitteilung einer Tagesordnung bedarf es.<\/li>\n<li>Der Vorstand entscheidet mit der Mehrheit der abgegebenen g\u00fcltigen Stimmen. Bei Stimmgleichheit entscheidet die Stimme des*der Leiters*in der Vorstandssitzung.<\/li>\n<li>Die Vorstandssitzungen leitet der*die 1.&nbsp;Vorsitzende, bei dessen*deren Verhinderung der*die 2.&nbsp;Vorsitzende.<\/li>\n<li>Die Sitzungen sind zu protokollieren. Das Protokoll ist vom Sitzungsleiter zu unterschreiben. Es soll Ort und Zeit der Vorstandssitzung, die Namen der Teilnehmer*innen, die gefassten Beschl\u00fcsse und das Abstimmungsergebnis enthalten.<\/li>\n<\/ol>\n<h1><a><\/a>\u00a712 Aufgaben und Einberufung der Mitgliederversammlung<\/h1>\n<ol>\n<li>Die Mitgliederversammlung hat folgende Aufgaben:\n<ol>\n<li>die Genehmigung der Jahresrechnung des vom Vorstand aufgestellten Haushaltplans f\u00fcr das n\u00e4chste Gesch\u00e4ftsjahr; Entgegennahme des Jahresberichts des Vorstandes<\/li>\n<li>Entlastung des Vorstandes<\/li>\n<li>Die Wahl und Abberufung des Vorstandes<\/li>\n<li>Satzungs\u00e4nderungen<\/li>\n<li>Die Festsetzung der Mitgliedsbeitr\u00e4ge<\/li>\n<li>Antr\u00e4ge des Vorstandes und der Mitglieder<\/li>\n<li>Berufung\/Beschwerde gegen die Ablehnung von Aufnahmeantr\u00e4gen sowie gegen Ausschlie\u00dfungsbeschl\u00fcsse des Vorstandes<\/li>\n<li>Die Aufl\u00f6sung des Vereins<\/li>\n<\/ol>\n<\/li>\n<li>Die Mitgliederversammlung ist mindestens einmal im Jahr einzuberufen. Sie wird vom Vorstand schriftlich oder per E-Mail, sofern die Mitglieder ihre E-Mail-Adresse hinterlegt haben, sonst schriftlich unter Einhaltung einer Frist von 4&nbsp;Wochen und Abgabe der Tagesordnung einberufen. Die Frist beginnt mit der Absendung der Einladung. Das Einladungsschreiben gilt dem Mitglied als zugegangen, wenn es an die letzte vom Mitglied dem Verein schriftlich bekanntgegebene (E-Mail-)Adresse gerichtet ist.<\/li>\n<li>Der Vorstand kann jederzeit eine au\u00dferordentliche Mitgliederversammlung einberufen. Sie muss einberufen werden, wenn das Interesse des Vereins es erfordert oder wenn die Einberufung von einem Achtel aller Mitglieder unter Angabe des Zwecks und der Gr\u00fcnde vom Vorstand verlangt wird.<\/li>\n<li>Die Tagesordnung setzt der Vorstand fest. Jedes Mitglied kann bis sp\u00e4testens 1&nbsp;Woche vor dem Tag der Mitgliederversammlung beantragen, dass weitere Angelegenheiten nachtr\u00e4glich auf die Tagesordnung gesetzt werden. Der Versammlungsleiter hat sodann zu Beginn der Versammlung die Tagesordnung zu erg\u00e4nzen. \u00dcber Antr\u00e4ge auf Erg\u00e4nzung der Tagesordnung, die erst in der Mitgliederversammlung gestellt werden, beschlie\u00dft die Mitgliederversammlung.<\/li>\n<\/ol>\n<h1><a><\/a>\u00a713 Beschlussfassung der Mitgliederversammlung<\/h1>\n<ol>\n<li>Jede ordnungsgem\u00e4\u00df einberufene Mitgliederversammlung ist beschlussf\u00e4hig<\/li>\n<li>Die Mitgliederversammlung wird von der*dem 1.&nbsp;Vorsitzenden, bei dessen*deren Verhinderung vom*von der 2.&nbsp;Vorsitzenden oder von einem anderen Vorstandsmitglied geleitet. Ist kein Vorstandsmitglied anwesend, bestimmt die Versammlung eine*n Leiter*in. Bei Wahlen kann die Versammlungsleitung f\u00fcr die Dauer des Wahlgangs und der vorhergehenden Diskussion einem Wahlausschuss \u00fcbertragen werden.<\/li>\n<li>Die Art der Abstimmung bestimmt der*die Versammlungsleiter*in. Die Abstimmung muss schriftlich durchgef\u00fchrt werden, wenn ein Viertel der bei der Abstimmung anwesenden stimmberechtigten Mitglieder dies beantragt.<\/li>\n<li>Beschl\u00fcsse werden mit der einfachen Mehrheit der abgegebenen Stimmen gefasst, soweit nicht in der Satzung etwas anderes geregelt ist. Stimmenthaltungen bleiben au\u00dfer Betracht.<\/li>\n<li>Zur \u00c4nderung der Satzung ist eine Mehrheit von drei Viertel der abgegebenen Stimmen erforderlich.<\/li>\n<li>Zur \u00c4nderung des Vereinszwecks ist die Zustimmung aller Mitglieder erforderlich. Die Zustimmung der nicht erschienenen Mitglieder muss schriftlich erfolgen.<\/li>\n<li>Zur Aufl\u00f6sung des Vereins ist die Zustimmung aller Mitglieder erforderlich. Die Zustimmung der nicht erschienenen Mitglieder muss schriftlich erfolgen.<\/li>\n<li>Jedes Mitglied hat eine Stimme. Zur Aus\u00fcbung des Stimmrechts kann ein anderes Mitglied schriftlich bevollm\u00e4chtigt werden. Die Bevollm\u00e4chtigung ist f\u00fcr jede Mitgliederversammlung gesondert zu erteilen. Ein Mitglied darf jedoch nicht mehr als drei fremde Stimmen vertreten.<\/li>\n<li>\u00dcber die Beschl\u00fcsse der Mitgliederversammlung ist ein Protokoll zu f\u00fchren, das von dem*der jeweiligen Versammlungsleiter*in und dem*der Protokollf\u00fchrer*in zu unterzeichnen ist. Jedem Vereinsmitglied ist eine Abschrift des Protokolls zu \u00fcbersenden.<\/li>\n<\/ol>\n<h1><a><\/a>\u00a714 Vereinsordnungen<\/h1>\n<p>Zur Durchf\u00fchrung dieser Satzung kann sich der Verein eine Gesch\u00e4ftsordnung, eine Finanzordnung sowie eine Ehrenordnung geben. Die Mitgliederversammlung ist f\u00fcr den Erlass der Ordnungen zust\u00e4ndig. Ausgenommen hiervon ist die Gesch\u00e4ftsordnung, die vom Vorstand zu beschlie\u00dfen ist.<\/p>\n<h1><a><\/a>\u00a715 Aufl\u00f6sung des Vereins<\/h1>\n<p>Die Aufl\u00f6sung des Vereins kann nur in einer Mitgliederversammlung mit der in \u00a7&nbsp;14&nbsp;(7) festgelegten Stimmmehrheit beschlossen werden. Sofern die Mitgliederversammlung nichts anderes beschlie\u00dft, sind die bisherigen Vorstandsmitglieder Liquidatoren*innen des Vereins. Die vorstehenden Vorschriften gelten entsprechend f\u00fcr den Fall, dass der Verein aus einem anderen Grund aufgel\u00f6st wird oder seine Rechtsf\u00e4higkeit verliert.<\/p>\n<h1><a><\/a>\u00a716 Verm\u00f6gensbindung<\/h1>\n<p>Bei Aufl\u00f6sung des Vereins oder bei Wegfall steuerbeg\u00fcnstigter Zwecke f\u00e4llt das Verm\u00f6gen des Vereins an die Katholische junge Gemeinde Di\u00f6zesanverband Paderborn e. V., die es unmittelbar f\u00fcr die Unterst\u00fctzung der KjG H\u00f6velhof zu verwenden hat.<\/p>\n<h1><a><\/a>\u00a717 Errichtung und Inkrafttreten<\/h1>\n<ol>\n<li>Vorstehende Satzung wurde am 10.07.2020 errichtet.<\/li>\n<li>Sie tritt mit Eintragung in das Vereinsregister in Kraft<\/li>\n<\/ol>\n<p>H\u00f6velhof, 10.07.2020<\/p>\t\t\t\t\t\t\t\t<\/div>\n\t\t\t\t<\/div>\n\t\t\t\t\t<\/div>\n\t\t<\/div>\n\t\t\t\t\t<\/div>\n\t\t<\/section>\n\t\t\t\t<section class=\"elementor-section elementor-top-section elementor-element elementor-element-3e16df8 elementor-section-boxed elementor-section-height-default elementor-section-height-default\" data-id=\"3e16df8\" data-element_type=\"section\" data-e-type=\"section\">\n\t\t\t\t\t\t<div class=\"elementor-container elementor-column-gap-default\">\n\t\t\t\t\t<div class=\"elementor-column elementor-col-100 elementor-top-column elementor-element elementor-element-921ebee\" data-id=\"921ebee\" data-element_type=\"column\" data-e-type=\"column\">\n\t\t\t<div class=\"elementor-widget-wrap elementor-element-populated\">\n\t\t\t\t\t\t<div class=\"elementor-element elementor-element-6511299 elementor-widget elementor-widget-text-editor\" data-id=\"6511299\" data-element_type=\"widget\" data-e-type=\"widget\" data-widget_type=\"text-editor.default\">\n\t\t\t\t<div class=\"elementor-widget-container\">\n\t\t\t\t\t\t\t\t\t<p style=\"text-align: center;\"><a href=\"https:\/\/muhbar.de\/wp-content\/uploads\/2020\/07\/2020-07-10-satzung-web.pdf\" target=\"_blank\" rel=\"noopener\">Hier k\u00f6nnt ihr die Satzung in PDF-Form herunterladen.<\/a><\/p>\t\t\t\t\t\t\t\t<\/div>\n\t\t\t\t<\/div>\n\t\t\t\t\t<\/div>\n\t\t<\/div>\n\t\t\t\t\t<\/div>\n\t\t<\/section>\n\t\t\t\t<\/div>\n\t\t","protected":false},"excerpt":{"rendered":"<p>Satzung Inhalt \u00a71 Name, Sitz, Gesch\u00e4ftsjahr \u00a72 Zweck des Vereins \u00a73 Gemeinn\u00fctzigkeit \u00a74 Erwerb der Mitgliedschaft \u00a75 Rechte und Pflichten der Mitglieder \u00a77 Mitgliedsbeitr\u00e4ge \u00a78 Organe des Vereins \u00a79 Vorstand \u00a710 Zust\u00e4ndigkeiten des Vorstandes \u00a711 Amtsdauer des Vorstandes \u00a712 Beschlussfassung des Vorstandes \u00a713 Aufgaben und Einberufung der Mitgliederversammlung \u00a714 Beschlussfassung der Mitgliederversammlung \u00a715 Vereinsordnungen \u00a716 [&hellip;]<\/p>\n","protected":false},"author":1,"featured_media":0,"parent":0,"menu_order":0,"comment_status":"closed","ping_status":"closed","template":"","meta":{"ocean_post_layout":"","ocean_both_sidebars_style":"","ocean_both_sidebars_content_width":0,"ocean_both_sidebars_sidebars_width":0,"ocean_sidebar":"0","ocean_second_sidebar":"0","ocean_disable_margins":"enable","ocean_add_body_class":"","ocean_shortcode_before_top_bar":"","ocean_shortcode_after_top_bar":"","ocean_shortcode_before_header":"","ocean_shortcode_after_header":"","ocean_has_shortcode":"","ocean_shortcode_after_title":"","ocean_shortcode_before_footer_widgets":"","ocean_shortcode_after_footer_widgets":"","ocean_shortcode_before_footer_bottom":"","ocean_shortcode_after_footer_bottom":"","ocean_display_top_bar":"default","ocean_display_header":"default","ocean_header_style":"","ocean_center_header_left_menu":"0","ocean_custom_header_template":"0","ocean_custom_logo":0,"ocean_custom_retina_logo":0,"ocean_custom_logo_max_width":0,"ocean_custom_logo_tablet_max_width":0,"ocean_custom_logo_mobile_max_width":0,"ocean_custom_logo_max_height":0,"ocean_custom_logo_tablet_max_height":0,"ocean_custom_logo_mobile_max_height":0,"ocean_header_custom_menu":"0","ocean_menu_typo_font_family":"0","ocean_menu_typo_font_subset":"","ocean_menu_typo_font_size":0,"ocean_menu_typo_font_size_tablet":0,"ocean_menu_typo_font_size_mobile":0,"ocean_menu_typo_font_size_unit":"px","ocean_menu_typo_font_weight":"","ocean_menu_typo_font_weight_tablet":"","ocean_menu_typo_font_weight_mobile":"","ocean_menu_typo_transform":"","ocean_menu_typo_transform_tablet":"","ocean_menu_typo_transform_mobile":"","ocean_menu_typo_line_height":0,"ocean_menu_typo_line_height_tablet":0,"ocean_menu_typo_line_height_mobile":0,"ocean_menu_typo_line_height_unit":"","ocean_menu_typo_spacing":0,"ocean_menu_typo_spacing_tablet":0,"ocean_menu_typo_spacing_mobile":0,"ocean_menu_typo_spacing_unit":"","ocean_menu_link_color":"","ocean_menu_link_color_hover":"","ocean_menu_link_color_active":"","ocean_menu_link_background":"","ocean_menu_link_hover_background":"","ocean_menu_link_active_background":"","ocean_menu_social_links_bg":"","ocean_menu_social_hover_links_bg":"","ocean_menu_social_links_color":"","ocean_menu_social_hover_links_color":"","ocean_disable_title":"default","ocean_disable_heading":"default","ocean_post_title":"","ocean_post_subheading":"","ocean_post_title_style":"","ocean_post_title_background_color":"","ocean_post_title_background":0,"ocean_post_title_bg_image_position":"","ocean_post_title_bg_image_attachment":"","ocean_post_title_bg_image_repeat":"","ocean_post_title_bg_image_size":"","ocean_post_title_height":0,"ocean_post_title_bg_overlay":0.5,"ocean_post_title_bg_overlay_color":"","ocean_disable_breadcrumbs":"default","ocean_breadcrumbs_color":"","ocean_breadcrumbs_separator_color":"","ocean_breadcrumbs_links_color":"","ocean_breadcrumbs_links_hover_color":"","ocean_display_footer_widgets":"default","ocean_display_footer_bottom":"default","ocean_custom_footer_template":"0","footnotes":""},"class_list":["post-711","page","type-page","status-publish","hentry","entry"],"_links":{"self":[{"href":"https:\/\/muhbar.de\/index.php?rest_route=\/wp\/v2\/pages\/711","targetHints":{"allow":["GET"]}}],"collection":[{"href":"https:\/\/muhbar.de\/index.php?rest_route=\/wp\/v2\/pages"}],"about":[{"href":"https:\/\/muhbar.de\/index.php?rest_route=\/wp\/v2\/types\/page"}],"author":[{"embeddable":true,"href":"https:\/\/muhbar.de\/index.php?rest_route=\/wp\/v2\/users\/1"}],"replies":[{"embeddable":true,"href":"https:\/\/muhbar.de\/index.php?rest_route=%2Fwp%2Fv2%2Fcomments&post=711"}],"version-history":[{"count":9,"href":"https:\/\/muhbar.de\/index.php?rest_route=\/wp\/v2\/pages\/711\/revisions"}],"predecessor-version":[{"id":864,"href":"https:\/\/muhbar.de\/index.php?rest_route=\/wp\/v2\/pages\/711\/revisions\/864"}],"wp:attachment":[{"href":"https:\/\/muhbar.de\/index.php?rest_route=%2Fwp%2Fv2%2Fmedia&parent=711"}],"curies":[{"name":"wp","href":"https:\/\/api.w.org\/{rel}","templated":true}]}}